{"id":269,"date":"2021-09-01T13:49:43","date_gmt":"2021-09-01T11:49:43","guid":{"rendered":"https:\/\/necessarymusic.art\/?post_type=project&#038;p=269"},"modified":"2021-09-01T13:54:06","modified_gmt":"2021-09-01T11:54:06","slug":"koledy-i-pastoralki-plyta","status":"publish","type":"project","link":"https:\/\/necessarymusic.art\/index.php\/project\/koledy-i-pastoralki-plyta\/","title":{"rendered":"Kol\u0119dy i Pastora\u0142ki &#8211; p\u0142yta"},"content":{"rendered":"<p>[et_pb_section fb_built=&#8221;1&#8243; fullwidth=&#8221;on&#8221; _builder_version=&#8221;4.10.5&#8243; _module_preset=&#8221;default&#8221; background_image=&#8221;https:\/\/necessarymusic.art\/wp-content\/uploads\/2021\/09\/candle-lamp.jpg&#8221; global_colors_info=&#8221;{}&#8221;][et_pb_fullwidth_slider _builder_version=&#8221;4.10.5&#8243; _module_preset=&#8221;default&#8221; custom_padding=&#8221;||524px|||&#8221; hover_enabled=&#8221;0&#8243; global_colors_info=&#8221;{}&#8221; sticky_enabled=&#8221;0&#8243;][et_pb_slide heading=&#8221;Kol\u0119dy i Pastora\u0142ki&#8221; video_url=&#8221;https:\/\/youtu.be\/1Cn9blzBnZQ&#8221; _builder_version=&#8221;4.10.5&#8243; _module_preset=&#8221;default&#8221; header_font=&#8221;Alfa Slab One||||||||&#8221; header_font_size=&#8221;84px&#8221; body_font_size=&#8221;20px&#8221; background_color=&#8221;RGBA(0,0,0,0)&#8221; background_enable_color=&#8221;on&#8221; background_enable_image=&#8221;off&#8221; parallax=&#8221;on&#8221; hover_enabled=&#8221;0&#8243; body_font_size_tablet=&#8221;&#8221; body_font_size_phone=&#8221;&#8221; body_font_size_last_edited=&#8221;on|phone&#8221; background_last_edited=&#8221;on|phone&#8221; background_image_phone=&#8221;https:\/\/necessarymusic.art\/wp-content\/uploads\/2021\/08\/10956520_1592426104315567_1041864526949086290_n.jpg&#8221; background_enable_image_phone=&#8221;on&#8221; border_radii_image=&#8221;on|15px|15px|15px|15px&#8221; global_colors_info=&#8221;{}&#8221; sticky_transition=&#8221;on&#8221; sticky_enabled=&#8221;0&#8243;]<\/p>\n<p><span>P\u0142yta ta nie jest komercyjna i nie jest dost\u0119pna w sklepach. Jest wyj\u0105tkowa, poniewa\u017c jest prezentem dla rodzic\u00f3w, dziadk\u00f3w od wspania\u0142ych dzieci i m\u0142odzie\u017cy z ch\u00f3ru im. \u015bw Rity w Kwilczu. W ca\u0142o\u015bci j\u0105 produkowa\u0142em wraz z aran\u017cacjami instrumentalnymi i nagraniami instrument\u00f3w.\u00a0<\/span><\/p>\n<p>[\/et_pb_slide][\/et_pb_fullwidth_slider][\/et_pb_section][et_pb_section fb_built=&#8221;1&#8243; disabled_on=&#8221;off|on|on&#8221; _builder_version=&#8221;4.10.4&#8243; _module_preset=&#8221;default&#8221; background_color=&#8221;#000000&#8243; hover_enabled=&#8221;0&#8243; global_colors_info=&#8221;{}&#8221; sticky_enabled=&#8221;0&#8243;][et_pb_row _builder_version=&#8221;4.10.4&#8243; _module_preset=&#8221;default&#8221; global_colors_info=&#8221;{}&#8221;][et_pb_column type=&#8221;4_4&#8243; _builder_version=&#8221;4.10.4&#8243; _module_preset=&#8221;default&#8221; global_colors_info=&#8221;{}&#8221;][et_pb_video src=&#8221;https:\/\/youtu.be\/1Cn9blzBnZQ&#8221; disabled_on=&#8221;off|off|off&#8221; _builder_version=&#8221;4.10.5&#8243; _module_preset=&#8221;default&#8221; global_colors_info=&#8221;{}&#8221;][\/et_pb_video][\/et_pb_column][\/et_pb_row][\/et_pb_section][et_pb_section fb_built=&#8221;1&#8243; _builder_version=&#8221;4.10.4&#8243; _module_preset=&#8221;default&#8221; global_colors_info=&#8221;{}&#8221;][et_pb_row _builder_version=&#8221;4.10.4&#8243; _module_preset=&#8221;default&#8221; global_colors_info=&#8221;{}&#8221;][et_pb_column type=&#8221;4_4&#8243; _builder_version=&#8221;4.10.4&#8243; _module_preset=&#8221;default&#8221; global_colors_info=&#8221;{}&#8221;][et_pb_text _builder_version=&#8221;4.10.4&#8243; _module_preset=&#8221;default&#8221; text_font=&#8221;Alfa Slab One||||||||&#8221; text_font_size=&#8221;35px&#8221; text_font_size_tablet=&#8221;&#8221; text_font_size_phone=&#8221;20px&#8221; text_font_size_last_edited=&#8221;on|desktop&#8221; global_colors_info=&#8221;{}&#8221;]<\/p>\n<p>ZOBACZ INNE REALIZACJE:<\/p>\n<p>[\/et_pb_text][et_pb_portfolio fullwidth=&#8221;off&#8221; include_categories=&#8221;all&#8221; _builder_version=&#8221;4.10.4&#8243; _module_preset=&#8221;default&#8221; global_colors_info=&#8221;{}&#8221;][\/et_pb_portfolio][\/et_pb_column][\/et_pb_row][\/et_pb_section]<\/p>\n","protected":false},"excerpt":{"rendered":"<p>P\u0142yta ta nie jest komercyjna i nie jest dost\u0119pna w sklepach. Jest wyj\u0105tkowa, poniewa\u017c jest prezentem dla rodzic\u00f3w, dziadk\u00f3w od wspania\u0142ych dzieci i m\u0142odzie\u017cy z ch\u00f3ru im. \u015bw Rity w Kwilczu. W ca\u0142o\u015bci j\u0105 produkowa\u0142em wraz z aran\u017cacjami instrumentalnymi i nagraniami instrument\u00f3w.\u00a0ZOBACZ INNE REALIZACJE:<\/p>\n","protected":false},"author":1,"featured_media":273,"comment_status":"open","ping_status":"closed","template":"","meta":{"_et_pb_use_builder":"on","_et_pb_old_content":"","_et_gb_content_width":"","footnotes":""},"project_category":[11,12],"project_tag":[],"class_list":["post-269","project","type-project","status-publish","has-post-thumbnail","hentry","project_category-aranzacja","project_category-piano"],"_links":{"self":[{"href":"https:\/\/necessarymusic.art\/index.php\/wp-json\/wp\/v2\/project\/269","targetHints":{"allow":["GET"]}}],"collection":[{"href":"https:\/\/necessarymusic.art\/index.php\/wp-json\/wp\/v2\/project"}],"about":[{"href":"https:\/\/necessarymusic.art\/index.php\/wp-json\/wp\/v2\/types\/project"}],"author":[{"embeddable":true,"href":"https:\/\/necessarymusic.art\/index.php\/wp-json\/wp\/v2\/users\/1"}],"replies":[{"embeddable":true,"href":"https:\/\/necessarymusic.art\/index.php\/wp-json\/wp\/v2\/comments?post=269"}],"version-history":[{"count":4,"href":"https:\/\/necessarymusic.art\/index.php\/wp-json\/wp\/v2\/project\/269\/revisions"}],"predecessor-version":[{"id":276,"href":"https:\/\/necessarymusic.art\/index.php\/wp-json\/wp\/v2\/project\/269\/revisions\/276"}],"wp:featuredmedia":[{"embeddable":true,"href":"https:\/\/necessarymusic.art\/index.php\/wp-json\/wp\/v2\/media\/273"}],"wp:attachment":[{"href":"https:\/\/necessarymusic.art\/index.php\/wp-json\/wp\/v2\/media?parent=269"}],"wp:term":[{"taxonomy":"project_category","embeddable":true,"href":"https:\/\/necessarymusic.art\/index.php\/wp-json\/wp\/v2\/project_category?post=269"},{"taxonomy":"project_tag","embeddable":true,"href":"https:\/\/necessarymusic.art\/index.php\/wp-json\/wp\/v2\/project_tag?post=269"}],"curies":[{"name":"wp","href":"https:\/\/api.w.org\/{rel}","templated":true}]}}

Kolędy i Pastorałki &#8211; płyta

<p>[et_pb_section fb_built=&#8221;1&#8243; fullwidth=&#8221;on&#8221; _builder_version=&#8221;4.10.5&#8243; _module_preset=&#8221;default&#8221; background_image=&#8221;https://necessarymusic.art/wp-content/uploads/2021/09/candle-lamp.jpg&#8221; global_colors_info=&#8221;{}&#8221;][et_pb_fullwidth_slider _builder_version=&#8221;4.10.5&#8243; _module_preset=&#8221;default&#8221; custom_padding=&#8221;||524px|||&#8221; hover_enabled=&#8221;0&#8243; global_colors_info=&#8221;{}&#8221; sticky_enabled=&#8221;0&#8243;][et_pb_slide heading=&#8221;Kolędy i Pastorałki&#8221; video_url=&#8221;https://youtu.be/1Cn9blzBnZQ&#8221; _builder_version=&#8221;4.10.5&#8243; _module_preset=&#8221;default&#8221; header_font=&#8221;Alfa Slab One||||||||&#8221; header_font_size=&#8221;84px&#8221; body_font_size=&#8221;20px&#8221; background_color=&#8221;RGBA(0,0,0,0)&#8221; background_enable_color=&#8221;on&#8221; background_enable_image=&#8221;off&#8221; parallax=&#8221;on&#8221; hover_enabled=&#8221;0&#8243; body_font_size_tablet=&#8221;&#8221; body_font_size_phone=&#8221;&#8221; body_font_size_last_edited=&#8221;on|phone&#8221; background_last_edited=&#8221;on|phone&#8221; background_image_phone=&#8221;https://necessarymusic.art/wp-content/uploads/2021/08/10956520_1592426104315567_1041864526949086290_n.jpg&#8221; background_enable_image_phone=&#8221;on&#8221; border_radii_image=&#8221;on|15px|15px|15px|15px&#8221; global_colors_info=&#8221;{}&#8221; sticky_transition=&#8221;on&#8221; sticky_enabled=&#8221;0&#8243;]</p>
<p><span>Płyta ta nie jest komercyjna i nie jest dostępna w sklepach. Jest wyjątkowa, ponieważ jest prezentem dla rodziców, dziadków od wspaniałych dzieci i młodzieży z chóru im. św Rity w Kwilczu. W całości ją produkowałem wraz z aranżacjami instrumentalnymi i nagraniami instrumentów. </span></p>
<p>[/et_pb_slide][/et_pb_fullwidth_slider][/et_pb_section][et_pb_section fb_built=&#8221;1&#8243; disabled_on=&#8221;off|on|on&#8221; _builder_version=&#8221;4.10.4&#8243; _module_preset=&#8221;default&#8221; background_color=&#8221;#000000&#8243; hover_enabled=&#8221;0&#8243; global_colors_info=&#8221;{}&#8221; sticky_enabled=&#8221;0&#8243;][et_pb_row _builder_version=&#8221;4.10.4&#8243; _module_preset=&#8221;default&#8221; global_colors_info=&#8221;{}&#8221;][et_pb_column type=&#8221;4_4&#8243; _builder_version=&#8221;4.10.4&#8243; _module_preset=&#8221;default&#8221; global_colors_info=&#8221;{}&#8221;][et_pb_video src=&#8221;https://youtu.be/1Cn9blzBnZQ&#8221; disabled_on=&#8221;off|off|off&#8221; _builder_version=&#8221;4.10.5&#8243; _module_preset=&#8221;default&#8221; global_colors_info=&#8221;{}&#8221;][/et_pb_video][/et_pb_column][/et_pb_row][/et_pb_section][et_pb_section fb_built=&#8221;1&#8243; _builder_version=&#8221;4.10.4&#8243; _module_preset=&#8221;default&#8221; global_colors_info=&#8221;{}&#8221;][et_pb_row _builder_version=&#8221;4.10.4&#8243; _module_preset=&#8221;default&#8221; global_colors_info=&#8221;{}&#8221;][et_pb_column type=&#8221;4_4&#8243; _builder_version=&#8221;4.10.4&#8243; _module_preset=&#8221;default&#8221; global_colors_info=&#8221;{}&#8221;][et_pb_text _builder_version=&#8221;4.10.4&#8243; _module_preset=&#8221;default&#8221; text_font=&#8221;Alfa Slab One||||||||&#8221; text_font_size=&#8221;35px&#8221; text_font_size_tablet=&#8221;&#8221; text_font_size_phone=&#8221;20px&#8221; text_font_size_last_edited=&#8221;on|desktop&#8221; global_colors_info=&#8221;{}&#8221;]</p>
<p>ZOBACZ INNE REALIZACJE:</p>
<p>[/et_pb_text][et_pb_portfolio fullwidth=&#8221;off&#8221; include_categories=&#8221;all&#8221; _builder_version=&#8221;4.10.4&#8243; _module_preset=&#8221;default&#8221; global_colors_info=&#8221;{}&#8221;][/et_pb_portfolio][/et_pb_column][/et_pb_row][/et_pb_section]</p>

<p>Płyta ta nie jest komercyjna i nie jest dostępna w sklepach. Jest wyjątkowa, ponieważ jest prezentem dla rodziców, dziadków od wspaniałych dzieci i młodzieży z chóru im. św Rity w Kwilczu. W całości ją produkowałem wraz z aranżacjami instrumentalnymi i nagraniami instrumentów. ZOBACZ INNE REALIZACJE:</p>
